v)?
1
Suppose -6*w + 30 = -w. What is the units digit of w?
6
Let z be -3 + 4 - (1 - 0). Suppose z*i + 14 = 4*x + 5*i, 0 = 4*x - 2*i. What is the units digit of x - (0/(-2) + 0)?
1
Let g(n) = -6*n + 11. Let d be g(7). Let w = 56 + d. What is the tens digit of w?
2
Suppose 0 = -f + 2 + 4. Let d(l) = l - 3. Let p be d(f). What is the units digit of (p - 6)*(-1 - 0)?
3
Let d(a) = a**3 - 3*a**2 - a + 4. Let y(c) = c**2 + 5*c + 6. Let f be y(-4). Let i be (-1 + f)/((-3)/(-9)). What is the units digit of d(i)?
1
What is the units digit of (-4)/(-1) + -5 - -47?
6
Let s be (-2)/(-3) - 28/(-3). Let h(p) = -p**3 - 5*p**2 - 2*p + 2. Let l be h(-2). Let k = l + s. What is the units digit of k?
4
Suppose -32 = -g - 0. Suppose -5*t = 5*a - 60, 3*a - t + 0*t - g = 0. What is the tens digit of a?
1
Let y(l) = -14*l - 3. Let j be y(-2). Let a = j + -16. What is the units digit of a?
9
Let j(q) = 2*q**2 - q + 10. What is the tens digit of j(4)?
3
Suppose 2*q = 26 - 6. Let g = q - 4. What is the units digit of g?
6
Let u = 233 - 162. What is the tens digit of u?
7
Suppose 0*h - 5*h = -5*u + 25, 8 = 2*u - h. Suppose u*n - 2*g - 62 = 0, 5*g - 58 = -n - 9. What is the tens digit of n?
2
Let o = 37 - 26. Let s = o - 9. What is the units digit of (0 - -3) + (17 - s)?
8
Let c(h) = h**3 - 8*h**2 + 8*h - 3. Let q be c(7). Suppose -3*t = 2*d - 25, q*t + 5*d = 40 + 5. What is the units digit of t?
5
Suppose -78 = -5*o + 417. What is the units digit of o?
9
Let d be 2*(2 - -1) - 2. Suppose -3*s + d*s = 7. What is the units digit of s?
7
Let y(z) = 21*z**2 + 9*z + 7. What is the hundreds digit of y(-3)?
1
Let a(s) = -s**3 + 12*s**2 - 9*s - 15. What is the units digit of a(11)?
7
Let a(y) = y**2 + y + 1. Let n be a(-7). Let l = -24 + n. What is the tens digit of l?
1
Let j = 131 - 89. What is the tens digit of j?
4
Suppose 5*o - 24 + 4 = 0. Suppose o*h - 6*h = -40. What is the tens digit of h?
2
Let h(y) = -y**3 - 14*y**2 + 23*y + 12. What is the units digit of h(-16)?
6
What is the tens digit of (-1754)/(-8) + 57/76?
2
Suppose -15*b = -7*b - 456. What is the tens digit of b?
5
Let o = -16 + 51. What is the units digit of o?
5
Suppose -25 = 4*m - 9*m. Suppose -m*f = -41 + 6. What is the units digit of f?
7
Let j(n) = 6*n**2 + 4*n + 1. What is the tens digit of j(-3)?
4
Suppose 4*f + f = 100. What is the units digit of f?
0
Let b = 128 + -70. What is the units digit of b?
8
Let g = 0 + 3. Suppose -g = -0*c - 3*c. What is the units digit of ((-4)/(-2))/2 + c?
2
Let m be (-88)/(-3) - (-6)/9. Suppose -12 = -7*w + 4*w. What is the units digit of 4/6*m/w?
5
Suppose 5*z = -4*l - 5 + 20, -l + 5*z = -10. Suppose -l*m = -m - 8. What is the units digit of (-204)/(-28) + m/(-7)?
7
Suppose -2*r + 275 = -0*b + 3*b, 400 = 4*b - 4*r. Suppose 4*f = b - 23. What is the units digit of f?
8
Suppose -5*o + 4*o + 4*v + 14 = 0, -3*o + 20 = -v. Suppose -o*f + 23 = -5*f. What is the tens digit of f?
2
Let l = 4 + -14. Let z be 4/10 - 236/l. Let a = z - 17. What is the units digit of a?
7
Suppose -2*i + 2 = -4*t - 20, -3*i - 5*t - 22 = 0. Suppose 0 = -u + i - 5. Let z = u + 9. What is the units digit of z?
5
Let k(d) be the second derivative of d**3/6 + d**2 + 3*d. Let o = -5 + 10. What is the units digit of k(o)?
7
Let a(w) = -w**2 - 9*w + 8. Let k(f) = 2*f**2 + 0*f**2 + 3*f + 15*f - 15. Let p(y) = -5*a(y) - 3*k(y). What is the units digit of p(-8)?
3
Suppose -2*w - 3*w + 20 = 0. Suppose 3*j - 8 = w. What is the units digit of j?
4
What is the tens digit of (12/(-15))/4 + 1218/15?
8
Let m = 185 + -126. What is the tens digit of m?
5
What is the units digit of 10/25 - (-11838)/30?
5
Let j(y) be the third derivative of 0 + 8/3*y**3 + 1/120*y**6 - 1/6*y**5 - y**2 + 0*y - 11/24*y**4. What is the units digit of j(11)?
6
Suppose 4*m + 5 - 17 = 0. Suppose 0 = -2*n - a + 19, -10 = -m*n + 2*a + 8. What is the units digit of n?
8
What is the hundreds digit of (-346 - (3 - 5))*(-2)/4?
1
Let x(f) = f**2 + 7*f + 3. Let p be x(-7). Suppose -p*l = -2 - 16. Suppose -4*b - 2*t + l = -4, -3*b = -t - 5. What is the units digit of b?
2
Suppose 0*z - 10 = -5*z. Let x be -1 + z - (6 + -9). Suppose -9*n + x*n = -55. What is the units digit of n?
1
Let d = -105 - -151. What is the tens digit of d?
4
Suppose f + z = -4*f - 31, -4*f - z = 25. Let p = 13 + f. What is the units digit of p?
7
What is the units digit of 1*(-1653)/(-9) + 2/6?
4
Let p be (-1)/2 - 23/(-2). Let k = p + 2. Suppose m - k = -3*a, 2*m + 7 = 2*a + 3*a. What is the units digit of a?
3
Let g(a) = 11*a**3 + 1. What is the tens digit of g(1)?
1
Let n(k) = k**3 - 10*k**2. Let o be n(10). Suppose 4*q - 7 = -3*j, 0 = j - o*j - q. What is the units digit of j?
1
Let o(k) = 7*k + 15. What is the units digit of o(5)?
0
Suppose 2*v + 27 = 3*v. What is the units digit of v/6 - 2/4?
4
Let c be -2 - 2 - 6/(-1). Suppose -c*b + 23 = -63. What is the units digit of b?
3
Let q(w) = w**2 + 41 + 0*w + 4 + w. Let h be q(0). Suppose -3*d + 4*p = -h, p + 56 = 4*d - 3*p. What is the units digit of d?
1
Suppose -i - 2 = 0, -5*u + 12 = -i - 15. Suppose 2*o = -2*o. Suppose u*s - 58 - 7 = o. What is the tens digit of s?
1
Let y(s) = 30*s - 6. What is the units digit of y(3)?
4
Suppose 4*d + 3 = -5*n + 11, -2*d + 3*n = -4. Let t = d - -10. What is the tens digit of t?
1
Let k(p) = -p**2 - 6*p - 2. Let i be k(-5). Let y(f) = f**2 + 3*f. What is the units digit of y(i)?
8
Suppose -146 + 1276 = 10*v. What is the tens digit of v?
1
Suppose 3*h + 0*i - 2*i = -2, -4*i + 14 = -h. What is the units digit of -1 + h/((-6)/(-15))?
4
Let f(g) = -g**2 - 5*g - 3. Let l be f(-4). Let q(y) = -8*y - 1. Let p be q(l). What is the units digit of (6/p)/((-3)/27)?
6
Let g be (-1*1)/((-3)/(-6)). Suppose -x - 6*x - 98 = 0. What is the units digit of ((-162)/(-63))/(g/x)?
8
Suppose 0 = 2*c + 3*a - 6, 2*a = -c + 8 - 4. Let b be 10/(0 + 2) + c. Suppose -2*l - x = -11, l + 2*x = 18 - b. What is the units digit of l?
3
Let p(c) = 26*c**3 + c + 1. Let m be p(-1). Let t = m - -44. Suppose -5*f = t - 48. What is the units digit of f?
6
Let g = -3 + 49. What is the tens digit of (-2)/((-4)/g) + 1?
2
Let f = -1 + 4. Let r(b) = 3*b. What is the units digit of r(f)?
9
Suppose 2*d + 13 = -2*t - 29, 3*d + 115 = -5*t. Let z = t - -43. What is the units digit of z?
7
Suppose -6*b - 133 = -8*b + k, -5*k = b - 61. What is the units digit of b?
6
Let k(v) = 6*v**2 + 2*v. What is the tens digit of k(-2)?
2
Suppose 0*o - 2439 = -9*o. What is the hundreds digit of o?
2
Let z(n) = -3*n + 1. What is the units digit of z(-3)?
0
Suppose -70 - 86 = -3*u. What is the units digit of u?
2
Let k(o) = o**3 - 6*o**2 - 7*o + 15. What is the units digit of k(7)?
5
Let m(i) = -i**3 - 4*i**2 + i + 2. Let r be m(-4). What is the units digit of (r + 57/12)*4?
1
Let f(c) = c. Let w = 2 - 0. What is the units digit of f(w)?
2
Suppose 5*u - 537 = 493. What is the units digit of u?
6
What is the hundreds digit of 4773/15 + 54/(-45)?
3
Let j = 27 - 16. Let f(c) = -c**3 + 10*c**2 + 10*c + 13. Let i be f(j). Suppose -i*u + 6*u - 44 = 0. What is the tens digit of u?
1
Let p be 0 - ((2 - -2) + 5). Let w(x) be the first derivative of x**3/3 + 7*x**2/2 - 12*x + 1. What is the units digit of w(p)?
6
Let h(a) = -2*a - 10. What is the units digit of h(-6)?
2
Let i(c) = c + 2. Let x be i(6). Let n be x/(-10)*(-15)/2. Let b(f) = -f**2 + 7*f - 5. What is the units digit of b(n)?
1
Suppose -2*s + s + 45 = 0. Let x = s - 25. What is the units digit of x?
0
Suppose -8 = 2*m - 0. Let l(x) = -x**2 - x + 4. Let h be l(m). Let k = -5 - h. What is the units digit of k?
3
Suppose w = 1 + 2. What is the units digit of -5 + w + -1 - -25?
2
Let j(c) = c**3 - 4*c**2 + 4*c - 1. Let k be j(3). Let r = -16 - -7. What is the units digit of -12*(k + 21/r)?
4
Suppose s - 5*w + 6 = 0, 0*s - s - 2*w - 6 = 0. Let y(b) = b**3 + 6*b**2 - b. Let q be y(s). What is the units digit of 64/q + (-2)/(-6)?
1
Let x(t) = t**3 + 5*t**2 - t - 1. What is the units digit of x(-5)?
4
Suppose -2*f + 7 - 3 = 0. Suppose -f*o + 5*u + 40 = 0, -2*u - 10 = -3*o - 7*u. What is the tens digit of o?
1
Suppose 15*w = -6*w + 2688. What is the hundreds digit of w?
1
Let w be 2/(-7) - (-74)/14. Suppose -14 - 3 = -3*x + 5*g, -5*x + 55 = w*g. What is the units digit of x?
9
Suppose 5*f + 4*a - 6*a = 15, 0 = 